{"id":5174,"date":"2017-07-13T10:03:40","date_gmt":"2017-07-13T08:03:40","guid":{"rendered":"https:\/\/ricardmata.com\/wp-content\/uploads\/2017\/07\/stand-ferreteria-feria.jpg"},"modified":"2017-07-13T10:03:40","modified_gmt":"2017-07-13T08:03:40","slug":"stand-ferreteria-feria-2","status":"inherit","type":"attachment","link":"https:\/\/ricardmata.com\/en\/stand-ferreteria-feria-2\/","title":{"rendered":"stand-ferreteria-feria"},"author":2,"featured_media":0,"comment_status":"open","ping_status":"closed","template":"","meta":[],"class_list":["post-5174","attachment","type-attachment","status-inherit","hentry"],"yoast_head":"<!-- This site is optimized with the Yoast SEO plugin v23.9 - https:\/\/yoast.com\/wordpress\/plugins\/seo\/ -->\n<title>stand-ferreteria-feria | Dise\u00f1o de Stands para Ferias | Eventos de Empresa<\/title>\n<meta name=\"robots\" content=\"index, follow, max-snippet:-1, max-image-preview:large, max-video-preview:-1\" \/>\n<link rel=\"canonical\" href=\"https:\/\/ricardmata.com\/wp-content\/uploads\/2017\/07\/stand-ferreteria-feria.jpg\" \/>\n<meta property=\"og:locale\" content=\"en_US\" \/>\n<meta property=\"og:type\" content=\"article\" \/>\n<meta property=\"og:title\" content=\"stand-ferreteria-feria | Dise\u00f1o de Stands para Ferias | Eventos de Empresa\" \/>\n<meta property=\"og:url\" content=\"https:\/\/ricardmata.com\/wp-content\/uploads\/2017\/07\/stand-ferreteria-feria.jpg\" \/>\n<meta property=\"og:site_name\" content=\"Dise\u00f1o de Stands para Ferias | Eventos de Empresa\" \/>\n<meta property=\"og:image\" content=\"https:\/\/ricardmata.com\/wp-content\/uploads\/2017\/07\/stand-ferreteria-feria.jpg\" \/>\n\t<meta property=\"og:image:width\" content=\"600\" \/>\n\t<meta property=\"og:image:height\" content=\"338\" \/>\n\t<meta property=\"og:image:type\" content=\"image\/jpeg\" \/>\n<meta name=\"twitter:card\" content=\"summary_large_image\" \/>\n<meta name=\"twitter:site\" content=\"@RicardMataP\" \/>\n<script type=\"application\/ld+json\" class=\"yoast-schema-graph\">{\"@context\":\"https:\/\/schema.org\",\"@graph\":[{\"@type\":\"WebPage\",\"@id\":\"https:\/\/ricardmata.com\/wp-content\/uploads\/2017\/07\/stand-ferreteria-feria.jpg\",\"url\":\"https:\/\/ricardmata.com\/wp-content\/uploads\/2017\/07\/stand-ferreteria-feria.jpg\",\"name\":\"stand-ferreteria-feria | Dise\u00f1o de Stands para Ferias | Eventos de Empresa\",\"isPartOf\":{\"@id\":\"https:\/\/ricardmata.com\/#website\"},\"datePublished\":\"2017-07-13T08:03:40+00:00\",\"dateModified\":\"2017-07-13T08:03:40+00:00\",\"breadcrumb\":{\"@id\":\"https:\/\/ricardmata.com\/wp-content\/uploads\/2017\/07\/stand-ferreteria-feria.jpg#breadcrumb\"},\"inLanguage\":\"en-US\",\"potentialAction\":[{\"@type\":\"ReadAction\",\"target\":[\"https:\/\/ricardmata.com\/wp-content\/uploads\/2017\/07\/stand-ferreteria-feria.jpg\"]}]},{\"@type\":\"BreadcrumbList\",\"@id\":\"https:\/\/ricardmata.com\/wp-content\/uploads\/2017\/07\/stand-ferreteria-feria.jpg#breadcrumb\",\"itemListElement\":[{\"@type\":\"ListItem\",\"position\":1,\"name\":\"Home\",\"item\":\"https:\/\/ricardmata.com\/en\/\"},{\"@type\":\"ListItem\",\"position\":2,\"name\":\"stand-ferreteria-feria\"}]},{\"@type\":\"WebSite\",\"@id\":\"https:\/\/ricardmata.com\/#website\",\"url\":\"https:\/\/ricardmata.com\/\",\"name\":\"Dise\u00f1o de Stands para Ferias | Eventos de Empresa\",\"description\":\"Profesionales creativos y de confianza para tu negocio: dise\u00f1o de stands, eventos de empresa, reformas, decoraci\u00f3n, fotograf\u00eda y comunicaci\u00f3n publicitaria.\",\"potentialAction\":[{\"@type\":\"SearchAction\",\"target\":{\"@type\":\"EntryPoint\",\"urlTemplate\":\"https:\/\/ricardmata.com\/?s={search_term_string}\"},\"query-input\":{\"@type\":\"PropertyValueSpecification\",\"valueRequired\":true,\"valueName\":\"search_term_string\"}}],\"inLanguage\":\"en-US\"}]}<\/script>\n<!-- \/ Yoast SEO plugin. -->","yoast_head_json":{"title":"stand-ferreteria-feria | Dise\u00f1o de Stands para Ferias | Eventos de Empresa","robots":{"index":"index","follow":"follow","max-snippet":"max-snippet:-1","max-image-preview":"max-image-preview:large","max-video-preview":"max-video-preview:-1"},"canonical":"https:\/\/ricardmata.com\/wp-content\/uploads\/2017\/07\/stand-ferreteria-feria.jpg","og_locale":"en_US","og_type":"article","og_title":"stand-ferreteria-feria | Dise\u00f1o de Stands para Ferias | Eventos de Empresa","og_url":"https:\/\/ricardmata.com\/wp-content\/uploads\/2017\/07\/stand-ferreteria-feria.jpg","og_site_name":"Dise\u00f1o de Stands para Ferias | Eventos de Empresa","og_image":[{"width":600,"height":338,"url":"https:\/\/ricardmata.com\/wp-content\/uploads\/2017\/07\/stand-ferreteria-feria.jpg","type":"image\/jpeg"}],"twitter_card":"summary_large_image","twitter_site":"@RicardMataP","schema":{"@context":"https:\/\/schema.org","@graph":[{"@type":"WebPage","@id":"https:\/\/ricardmata.com\/wp-content\/uploads\/2017\/07\/stand-ferreteria-feria.jpg","url":"https:\/\/ricardmata.com\/wp-content\/uploads\/2017\/07\/stand-ferreteria-feria.jpg","name":"stand-ferreteria-feria | Dise\u00f1o de Stands para Ferias | Eventos de Empresa","isPartOf":{"@id":"https:\/\/ricardmata.com\/#website"},"datePublished":"2017-07-13T08:03:40+00:00","dateModified":"2017-07-13T08:03:40+00:00","breadcrumb":{"@id":"https:\/\/ricardmata.com\/wp-content\/uploads\/2017\/07\/stand-ferreteria-feria.jpg#breadcrumb"},"inLanguage":"en-US","potentialAction":[{"@type":"ReadAction","target":["https:\/\/ricardmata.com\/wp-content\/uploads\/2017\/07\/stand-ferreteria-feria.jpg"]}]},{"@type":"BreadcrumbList","@id":"https:\/\/ricardmata.com\/wp-content\/uploads\/2017\/07\/stand-ferreteria-feria.jpg#breadcrumb","itemListElement":[{"@type":"ListItem","position":1,"name":"Home","item":"https:\/\/ricardmata.com\/en\/"},{"@type":"ListItem","position":2,"name":"stand-ferreteria-feria"}]},{"@type":"WebSite","@id":"https:\/\/ricardmata.com\/#website","url":"https:\/\/ricardmata.com\/","name":"Dise\u00f1o de Stands para Ferias | Eventos de Empresa","description":"Profesionales creativos y de confianza para tu negocio: dise\u00f1o de stands, eventos de empresa, reformas, decoraci\u00f3n, fotograf\u00eda y comunicaci\u00f3n publicitaria.","potentialAction":[{"@type":"SearchAction","target":{"@type":"EntryPoint","urlTemplate":"https:\/\/ricardmata.com\/?s={search_term_string}"},"query-input":{"@type":"PropertyValueSpecification","valueRequired":true,"valueName":"search_term_string"}}],"inLanguage":"en-US"}]}},"smush":{"stats":{"percent":6.8899354613640327,"bytes":6715,"size_before":97461,"size_after":90746,"time":0.080000000000000002,"api_version":"1.0","lossy":false,"keep_exif":0},"sizes":{"thumbnail":{"percent":1.8700000000000001,"bytes":161,"size_before":8628,"size_after":8467,"time":0.01},"medium":{"percent":2.77,"bytes":523,"size_before":18870,"size_after":18347,"time":0.02},"full":{"percent":8.6199999999999992,"bytes":6031,"size_before":69963,"size_after":63932,"time":0.050000000000000003}}},"description":{"rendered":"<p class=\"attachment\"><a href='https:\/\/ricardmata.com\/wp-content\/uploads\/2017\/07\/stand-ferreteria-feria.jpg'><img loading=\"lazy\" decoding=\"async\" width=\"300\" height=\"169\" src=\"https:\/\/ricardmata.com\/wp-content\/uploads\/2017\/07\/stand-ferreteria-feria-300x169.jpg\" class=\"attachment-medium size-medium\" alt=\"\" srcset=\"https:\/\/ricardmata.com\/wp-content\/uploads\/2017\/07\/stand-ferreteria-feria-300x169.jpg 300w, https:\/\/ricardmata.com\/wp-content\/uploads\/2017\/07\/stand-ferreteria-feria.jpg 600w\" sizes=\"auto, (max-width: 300px) 100vw, 300px\" \/><\/a><\/p>\n"},"caption":{"rendered":""},"alt_text":"","media_type":"image","mime_type":"image\/jpeg","media_details":{"width":600,"height":338,"file":"2017\/07\/stand-ferreteria-feria.jpg","sizes":{"thumbnail":{"file":"stand-ferreteria-feria-150x150.jpg","width":150,"height":150,"mime_type":"image\/jpeg","source_url":"https:\/\/ricardmata.com\/wp-content\/uploads\/2017\/07\/stand-ferreteria-feria-150x150.jpg"},"medium":{"file":"stand-ferreteria-feria-300x169.jpg","width":300,"height":169,"mime_type":"image\/jpeg","source_url":"https:\/\/ricardmata.com\/wp-content\/uploads\/2017\/07\/stand-ferreteria-feria-300x169.jpg"},"full":{"file":"stand-ferreteria-feria.jpg","width":600,"height":338,"mime_type":"image\/jpeg","source_url":"https:\/\/ricardmata.com\/wp-content\/uploads\/2017\/07\/stand-ferreteria-feria.jpg"}},"image_meta":{"aperture":0,"credit":"","camera":"","caption":"","created_timestamp":0,"copyright":"","focal_length":0,"iso":0,"shutter_speed":0,"title":"","orientation":0}},"post":null,"source_url":"https:\/\/ricardmata.com\/wp-content\/uploads\/2017\/07\/stand-ferreteria-feria.jpg","_links":{"self":[{"href":"https:\/\/ricardmata.com\/en\/wp-json\/wp\/v2\/media\/5174","targetHints":{"allow":["GET"]}}],"collection":[{"href":"https:\/\/ricardmata.com\/en\/wp-json\/wp\/v2\/media"}],"about":[{"href":"https:\/\/ricardmata.com\/en\/wp-json\/wp\/v2\/types\/attachment"}],"author":[{"embeddable":true,"href":"https:\/\/ricardmata.com\/en\/wp-json\/wp\/v2\/users\/2"}],"replies":[{"embeddable":true,"href":"https:\/\/ricardmata.com\/en\/wp-json\/wp\/v2\/comments?post=5174"}]}}

<!-- This site is optimized with the Yoast SEO plugin v23.9 - https://yoast.com/wordpress/plugins/seo/ -->
<title>stand-ferreteria-feria | Diseño de Stands para Ferias | Eventos de Empresa</title>
<meta name="robots" content="index, follow, max-snippet:-1, max-image-preview:large, max-video-preview:-1" />
<link rel="canonical" href="https://ricardmata.com/wp-content/uploads/2017/07/stand-ferreteria-feria.jpg" />
<meta property="og:locale" content="en_US" />
<meta property="og:type" content="article" />
<meta property="og:title" content="stand-ferreteria-feria | Diseño de Stands para Ferias | Eventos de Empresa" />
<meta property="og:url" content="https://ricardmata.com/wp-content/uploads/2017/07/stand-ferreteria-feria.jpg" />
<meta property="og:site_name" content="Diseño de Stands para Ferias | Eventos de Empresa" />
<meta property="og:image" content="https://ricardmata.com/wp-content/uploads/2017/07/stand-ferreteria-feria.jpg" />
	<meta property="og:image:width" content="600" />
	<meta property="og:image:height" content="338" />
	<meta property="og:image:type" content="image/jpeg" />
<meta name="twitter:card" content="summary_large_image" />
<meta name="twitter:site" content="@RicardMataP" />
<script type="application/ld+json" class="yoast-schema-graph">{"@context":"https://schema.org","@graph":[{"@type":"WebPage","@id":"https://ricardmata.com/wp-content/uploads/2017/07/stand-ferreteria-feria.jpg","url":"https://ricardmata.com/wp-content/uploads/2017/07/stand-ferreteria-feria.jpg","name":"stand-ferreteria-feria | Diseño de Stands para Ferias | Eventos de Empresa","isPartOf":{"@id":"https://ricardmata.com/#website"},"datePublished":"2017-07-13T08:03:40+00:00","dateModified":"2017-07-13T08:03:40+00:00","breadcrumb":{"@id":"https://ricardmata.com/wp-content/uploads/2017/07/stand-ferreteria-feria.jpg#breadcrumb"},"inLanguage":"en-US","potentialAction":[{"@type":"ReadAction","target":["https://ricardmata.com/wp-content/uploads/2017/07/stand-ferreteria-feria.jpg"]}]},{"@type":"BreadcrumbList","@id":"https://ricardmata.com/wp-content/uploads/2017/07/stand-ferreteria-feria.jpg#breadcrumb","itemListElement":[{"@type":"ListItem","position":1,"name":"Home","item":"https://ricardmata.com/en/"},{"@type":"ListItem","position":2,"name":"stand-ferreteria-feria"}]},{"@type":"WebSite","@id":"https://ricardmata.com/#website","url":"https://ricardmata.com/","name":"Diseño de Stands para Ferias | Eventos de Empresa","description":"Profesionales creativos y de confianza para tu negocio: diseño de stands, eventos de empresa, reformas, decoración, fotografía y comunicación publicitaria.","potentialAction":[{"@type":"SearchAction","target":{"@type":"EntryPoint","urlTemplate":"https://ricardmata.com/?s={search_term_string}"},"query-input":{"@type":"PropertyValueSpecification","valueRequired":true,"valueName":"search_term_string"}}],"inLanguage":"en-US"}]}</script>
<!-- / Yoast SEO plugin. -->

stand-ferreteria-feria | Diseño de Stands para Ferias | Eventos de Empresa

Diseño de Stands para Ferias | Eventos de Empresa

Profesionales creativos y de confianza para tu negocio: diseño de stands, eventos de empresa, reformas, decoración, fotografía y comunicación publicitaria.
