{"id":3640,"date":"2014-04-27T09:43:13","date_gmt":"2014-04-27T09:43:13","guid":{"rendered":"https:\/\/ricardmata.com\/?page_id=3640"},"modified":"2015-06-29T12:17:43","modified_gmt":"2015-06-29T10:17:43","slug":"principal","status":"publish","type":"page","link":"https:\/\/ricardmata.com\/en\/","title":{"rendered":"Main"},"content":{"rendered":"","protected":false},"excerpt":{"rendered":"","protected":false},"author":2,"featured_media":0,"parent":0,"menu_order":17,"comment_status":"open","ping_status":"open","template":"templates\/template-home.php","meta":{"footnotes":""},"class_list":["post-3640","page","type-page","status-publish","hentry"],"yoast_head":"<!-- This site is optimized with the Yoast SEO plugin v23.9 - https:\/\/yoast.com\/wordpress\/plugins\/seo\/ -->\n<title>Stands para Ferias | Eventos de Empresa | Ricard Mata<\/title>\n<meta name=\"description\" content=\"M\u00e1s de 20 a\u00f1os de experiencia en dise\u00f1o, fabricaci\u00f3n y montaje de stands para ferias, congresos y eventos de empresa, el mejor aval de Ricard Mata.\" \/>\n<meta name=\"robots\" content=\"index, follow, max-snippet:-1, max-image-preview:large, max-video-preview:-1\" \/>\n<link rel=\"canonical\" href=\"https:\/\/ricardmata.com\/en\/\" \/>\n<meta property=\"og:locale\" content=\"en_US\" \/>\n<meta property=\"og:type\" content=\"article\" \/>\n<meta property=\"og:title\" content=\"Stands para Ferias | Eventos de Empresa | Ricard Mata\" \/>\n<meta property=\"og:description\" content=\"M\u00e1s de 20 a\u00f1os de experiencia en dise\u00f1o, fabricaci\u00f3n y montaje de stands para ferias, congresos y eventos de empresa, el mejor aval de Ricard Mata.\" \/>\n<meta property=\"og:url\" content=\"https:\/\/ricardmata.com\/en\/\" \/>\n<meta property=\"og:site_name\" content=\"Dise\u00f1o de Stands para Ferias | Eventos de Empresa\" \/>\n<meta property=\"article:modified_time\" content=\"2015-06-29T10:17:43+00:00\" \/>\n<meta name=\"twitter:card\" content=\"summary_large_image\" \/>\n<meta name=\"twitter:site\" content=\"@RicardMataP\" \/>\n<script type=\"application\/ld+json\" class=\"yoast-schema-graph\">{\"@context\":\"https:\/\/schema.org\",\"@graph\":[{\"@type\":\"WebPage\",\"@id\":\"https:\/\/ricardmata.com\/en\/\",\"url\":\"https:\/\/ricardmata.com\/en\/\",\"name\":\"Stands para Ferias | Eventos de Empresa | Ricard Mata\",\"isPartOf\":{\"@id\":\"https:\/\/ricardmata.com\/#website\"},\"datePublished\":\"2014-04-27T09:43:13+00:00\",\"dateModified\":\"2015-06-29T10:17:43+00:00\",\"description\":\"M\u00e1s de 20 a\u00f1os de experiencia en dise\u00f1o, fabricaci\u00f3n y montaje de stands para ferias, congresos y eventos de empresa, el mejor aval de Ricard Mata.\",\"breadcrumb\":{\"@id\":\"https:\/\/ricardmata.com\/en\/#breadcrumb\"},\"inLanguage\":\"en-US\",\"potentialAction\":[{\"@type\":\"ReadAction\",\"target\":[\"https:\/\/ricardmata.com\/en\/\"]}]},{\"@type\":\"BreadcrumbList\",\"@id\":\"https:\/\/ricardmata.com\/en\/#breadcrumb\",\"itemListElement\":[{\"@type\":\"ListItem\",\"position\":1,\"name\":\"Home\",\"item\":\"https:\/\/ricardmata.com\/en\/\"},{\"@type\":\"ListItem\",\"position\":2,\"name\":\"Main\"}]},{\"@type\":\"WebSite\",\"@id\":\"https:\/\/ricardmata.com\/#website\",\"url\":\"https:\/\/ricardmata.com\/\",\"name\":\"Dise\u00f1o de Stands para Ferias | Eventos de Empresa\",\"description\":\"Profesionales creativos y de confianza para tu negocio: dise\u00f1o de stands, eventos de empresa, reformas, decoraci\u00f3n, fotograf\u00eda y comunicaci\u00f3n publicitaria.\",\"potentialAction\":[{\"@type\":\"SearchAction\",\"target\":{\"@type\":\"EntryPoint\",\"urlTemplate\":\"https:\/\/ricardmata.com\/?s={search_term_string}\"},\"query-input\":{\"@type\":\"PropertyValueSpecification\",\"valueRequired\":true,\"valueName\":\"search_term_string\"}}],\"inLanguage\":\"en-US\"}]}<\/script>\n<!-- \/ Yoast SEO plugin. -->","yoast_head_json":{"title":"Stands para Ferias | Eventos de Empresa | Ricard Mata","description":"M\u00e1s de 20 a\u00f1os de experiencia en dise\u00f1o, fabricaci\u00f3n y montaje de stands para ferias, congresos y eventos de empresa, el mejor aval de Ricard Mata.","robots":{"index":"index","follow":"follow","max-snippet":"max-snippet:-1","max-image-preview":"max-image-preview:large","max-video-preview":"max-video-preview:-1"},"canonical":"https:\/\/ricardmata.com\/en\/","og_locale":"en_US","og_type":"article","og_title":"Stands para Ferias | Eventos de Empresa | Ricard Mata","og_description":"M\u00e1s de 20 a\u00f1os de experiencia en dise\u00f1o, fabricaci\u00f3n y montaje de stands para ferias, congresos y eventos de empresa, el mejor aval de Ricard Mata.","og_url":"https:\/\/ricardmata.com\/en\/","og_site_name":"Dise\u00f1o de Stands para Ferias | Eventos de Empresa","article_modified_time":"2015-06-29T10:17:43+00:00","twitter_card":"summary_large_image","twitter_site":"@RicardMataP","schema":{"@context":"https:\/\/schema.org","@graph":[{"@type":"WebPage","@id":"https:\/\/ricardmata.com\/en\/","url":"https:\/\/ricardmata.com\/en\/","name":"Stands para Ferias | Eventos de Empresa | Ricard Mata","isPartOf":{"@id":"https:\/\/ricardmata.com\/#website"},"datePublished":"2014-04-27T09:43:13+00:00","dateModified":"2015-06-29T10:17:43+00:00","description":"M\u00e1s de 20 a\u00f1os de experiencia en dise\u00f1o, fabricaci\u00f3n y montaje de stands para ferias, congresos y eventos de empresa, el mejor aval de Ricard Mata.","breadcrumb":{"@id":"https:\/\/ricardmata.com\/en\/#breadcrumb"},"inLanguage":"en-US","potentialAction":[{"@type":"ReadAction","target":["https:\/\/ricardmata.com\/en\/"]}]},{"@type":"BreadcrumbList","@id":"https:\/\/ricardmata.com\/en\/#breadcrumb","itemListElement":[{"@type":"ListItem","position":1,"name":"Home","item":"https:\/\/ricardmata.com\/en\/"},{"@type":"ListItem","position":2,"name":"Main"}]},{"@type":"WebSite","@id":"https:\/\/ricardmata.com\/#website","url":"https:\/\/ricardmata.com\/","name":"Dise\u00f1o de Stands para Ferias | Eventos de Empresa","description":"Profesionales creativos y de confianza para tu negocio: dise\u00f1o de stands, eventos de empresa, reformas, decoraci\u00f3n, fotograf\u00eda y comunicaci\u00f3n publicitaria.","potentialAction":[{"@type":"SearchAction","target":{"@type":"EntryPoint","urlTemplate":"https:\/\/ricardmata.com\/?s={search_term_string}"},"query-input":{"@type":"PropertyValueSpecification","valueRequired":true,"valueName":"search_term_string"}}],"inLanguage":"en-US"}]}},"_links":{"self":[{"href":"https:\/\/ricardmata.com\/en\/wp-json\/wp\/v2\/pages\/3640","targetHints":{"allow":["GET"]}}],"collection":[{"href":"https:\/\/ricardmata.com\/en\/wp-json\/wp\/v2\/pages"}],"about":[{"href":"https:\/\/ricardmata.com\/en\/wp-json\/wp\/v2\/types\/page"}],"author":[{"embeddable":true,"href":"https:\/\/ricardmata.com\/en\/wp-json\/wp\/v2\/users\/2"}],"replies":[{"embeddable":true,"href":"https:\/\/ricardmata.com\/en\/wp-json\/wp\/v2\/comments?post=3640"}],"version-history":[{"count":5,"href":"https:\/\/ricardmata.com\/en\/wp-json\/wp\/v2\/pages\/3640\/revisions"}],"predecessor-version":[{"id":3740,"href":"https:\/\/ricardmata.com\/en\/wp-json\/wp\/v2\/pages\/3640\/revisions\/3740"}],"wp:attachment":[{"href":"https:\/\/ricardmata.com\/en\/wp-json\/wp\/v2\/media?parent=3640"}],"curies":[{"name":"wp","href":"https:\/\/api.w.org\/{rel}","templated":true}]}}

<!-- This site is optimized with the Yoast SEO plugin v23.9 - https://yoast.com/wordpress/plugins/seo/ -->
<title>Stands para Ferias | Eventos de Empresa | Ricard Mata</title>
<meta name="description" content="Más de 20 años de experiencia en diseño, fabricación y montaje de stands para ferias, congresos y eventos de empresa, el mejor aval de Ricard Mata." />
<meta name="robots" content="index, follow, max-snippet:-1, max-image-preview:large, max-video-preview:-1" />
<link rel="canonical" href="https://ricardmata.com/en/" />
<meta property="og:locale" content="en_US" />
<meta property="og:type" content="article" />
<meta property="og:title" content="Stands para Ferias | Eventos de Empresa | Ricard Mata" />
<meta property="og:description" content="Más de 20 años de experiencia en diseño, fabricación y montaje de stands para ferias, congresos y eventos de empresa, el mejor aval de Ricard Mata." />
<meta property="og:url" content="https://ricardmata.com/en/" />
<meta property="og:site_name" content="Diseño de Stands para Ferias | Eventos de Empresa" />
<meta property="article:modified_time" content="2015-06-29T10:17:43+00:00" />
<meta name="twitter:card" content="summary_large_image" />
<meta name="twitter:site" content="@RicardMataP" />
<script type="application/ld+json" class="yoast-schema-graph">{"@context":"https://schema.org","@graph":[{"@type":"WebPage","@id":"https://ricardmata.com/en/","url":"https://ricardmata.com/en/","name":"Stands para Ferias | Eventos de Empresa | Ricard Mata","isPartOf":{"@id":"https://ricardmata.com/#website"},"datePublished":"2014-04-27T09:43:13+00:00","dateModified":"2015-06-29T10:17:43+00:00","description":"Más de 20 años de experiencia en diseño, fabricación y montaje de stands para ferias, congresos y eventos de empresa, el mejor aval de Ricard Mata.","breadcrumb":{"@id":"https://ricardmata.com/en/#breadcrumb"},"inLanguage":"en-US","potentialAction":[{"@type":"ReadAction","target":["https://ricardmata.com/en/"]}]},{"@type":"BreadcrumbList","@id":"https://ricardmata.com/en/#breadcrumb","itemListElement":[{"@type":"ListItem","position":1,"name":"Home","item":"https://ricardmata.com/en/"},{"@type":"ListItem","position":2,"name":"Main"}]},{"@type":"WebSite","@id":"https://ricardmata.com/#website","url":"https://ricardmata.com/","name":"Diseño de Stands para Ferias | Eventos de Empresa","description":"Profesionales creativos y de confianza para tu negocio: diseño de stands, eventos de empresa, reformas, decoración, fotografía y comunicación publicitaria.","potentialAction":[{"@type":"SearchAction","target":{"@type":"EntryPoint","urlTemplate":"https://ricardmata.com/?s={search_term_string}"},"query-input":{"@type":"PropertyValueSpecification","valueRequired":true,"valueName":"search_term_string"}}],"inLanguage":"en-US"}]}</script>
<!-- / Yoast SEO plugin. -->

Más de 20 años de experiencia en diseño, fabricación y montaje de stands para ferias, congresos y eventos de empresa, el mejor aval de Ricard Mata.

Diseño de Stands para Ferias | Eventos de Empresa

Profesionales creativos y de confianza para tu negocio: diseño de stands, eventos de empresa, reformas, decoración, fotografía y comunicación publicitaria.
